hen 926665 is divided by 323?
301
Calculate the remainder when 751752 is divided by 375494.
764
Calculate the remainder when 78006 is divided by 15256.
1726
Calculate the remainder when 36586 is divided by 497.
305
What is the remainder when 52734197 is divided by 2808?
2765
Calculate the remainder when 420843 is divided by 22132.
335
Calculate the remainder when 227454471 is divided by 57409.
13
Calculate the remainder when 1383151 is divided by 1030.
891
Calculate the remainder when 69816 is divided by 11475.
966
What is the remainder when 185826416 is divided by 8034?
8030
Calculate the remainder when 4077536 is divided by 1805.
41
What is the remainder when 19553 is divided by 181?
5
What is the remainder when 7314319 is divided by 1462854?
49
Calculate the remainder when 711891 is divided by 3280.
131
Calculate the remainder when 98195 is divided by 5163.
98
Calculate the remainder when 69768791 is divided by 111630.
41
What is the remainder when 427458 is divided by 7911?
264
What is the remainder when 34402 is divided by 7085?
6062
What is the remainder when 144751821 is divided by 1956?
1953
Calculate the remainder when 6871501 is divided by 1717816.
237
What is the remainder when 1697583 is divided by 511?
41
Calculate the remainder when 3376485 is divided by 8296.
13
Calculate the remainder when 1783982 is divided by 11.
2
What is the remainder when 208355 is divided by 26019?
203
What is the remainder when 102256 is divided by 37?
25
Calculate the remainder when 25144942 is divided by 29687.
53
What is the remainder when 179652 is divided by 10231?
5725
What is the remainder when 150766348 is divided by 673064?
12
Calculate the remainder when 1175402 is divided by 235070.
52
What is the remainder when 179976347 is divided by 274?
269
What is the remainder when 182225940 is divided by 243?
240
What is the remainder when 10311171 is divided by 1288855?
331
Calculate the remainder when 1360649 is divided by 879.
836
What is the remainder when 91277 is divided by 8720?
4077
Calculate the remainder when 50291873 is divided by 474.
473
What is the remainder when 9833412 is divided by 756413?
43
Calculate the remainder when 313294354 is divided by 3373.
3368
Calculate the remainder when 155513993 is divided by 4043.
4041
Calculate the remainder when 110975 is divided by 4881.
3593
What is the remainder when 36224316 is divided by 222235?
11
What is the remainder when 10097 is divided by 9666?
431
What is the remainder when 11202 is divided by 146?
106
Calculate the remainder when 2144746 is divided by 6787.
54
Calculate the remainder when 68048 is divided by 33179.
1690
What is the remainder when 4768896 is divided by 366836?
28
What is the remainder when 21729566 is divided by 28?
26
What is the remainder when 7531774 is divided by 324?
70
What is the remainder when 24761472 is divided by 37?
36
Calculate the remainder when 44997 is divided by 41090.
3907
What is the remainder when 160203262 is divided by 1438?
1434
Calculate the remainder when 2640 is divided by 780.
300
What is the remainder when 24757917 is divided by 528?
525
Calculate the remainder when 6505043 is divided by 19.
13
Calculate the remainder when 12582165 is divided by 1616.
1605
What is the remainder when 13925721 is divided by 819158?
35
What is the remainder when 32209 is divided by 3107?
1139
What is the remainder when 3808265 is divided by 884?
877
Calculate the remainder when 8928331 is divided by 637737.
13
What is the remainder when 303366 is divided by 324?
102
What is the remainder when 275892931 is divided by 71?
66
Calculate the remainder when 969263 is divided by 1629.
8
Calculate the remainder when 770572 is divided by 385283.
6
Calculate the remainder when 86479 is divided by 41189.
4101
Calculate the remainder when 22701927 is divided by 34926.
27
What is the remainder when 9598844 is divided by 13?
8
What is the remainder when 607410 is divided by 151819?
134
Calculate the remainder when 38797 is divided by 39.
31
What is the remainder when 90845404 is divided by 20010?
4
Calculate the remainder when 817190 is divided by 100.
90
Calculate the remainder when 87205963 is divided by 314.
313
Calculate the remainder when 182514 is divided by 226.
132
What is the remainder when 843436 is divided by 120472?
132
What is the remainder when 6745928 is divided by 1447?
14
What is the remainder when 6251 is divided by 106?
103
Calculate the remainder when 82411 is divided by 41190.
31
What is the remainder when 34199612 is divided by 50146?
40
What is the remainder when 9925825 is divided by 992582?
5
Calculate the remainder when 49774 is divided by 4919.
584
What is the remainder when 952301 is divided by 17005?
21
Calculate the remainder when 2463222 is divided by 2463171.
51
Calculate the remainder when 173463 is divided by 4002.
1377
Calculate the remainder when 5247 is divided by 1095.
867
Calculate the remainder when 1959565 is divided by 48.
13
Calculate the remainder when 517305 is divided by 796.
701
What is the remainder when 2651336 is divided by 441876?
80
What is the remainder when 214360 is divided by 8925?
160
Calculate the remainder when 5008532 is divided by 1001654.
262
What is the remainder when 47145072 is divided by 1359?
3
Calculate the remainder when 18671 is divided by 1649.
532
Calculate the remainder when 67268004 is divided by 500.
4
Calculate the remainder when 10496400 is divided by 107102.
404
Calculate the remainder when 3175383 is divided by 4602.
3
What is the remainder when 2290234 is divided by 15371?
15326
Calculate the remainder when 72833 is divided by 44.
13
Calculate the remainder when 51689807 is divided by 232.
207
What is the remainder when 25345613 is divided by 3168197?
37
What is the remainder when 3272593 is divided by 342?
337
What is the remainder when 499169 is divided by 166044?
1037
What is the remainder when 5342368 is divided by 1780677?
337
What is the remainder when 123436 is divided by 1691?
1684
Calculate the remainder when 115991880 is divided by 38663957.
9
Calculate the remainder when 1757896 is divided by 585961.
13
Calculate the remainder when 145951592 is divided by 18.
14
What is the remainder when 778982 is divided by 531?
5
What is the remainder when 33204440 is divided by 4732?
4728
Calculate the remainder when 1026106 is divided by 472.
450
What is the remainder when 5990331 is divided by 386?
383
What is the remainder when 682546 is divided by 341259?
28
Calculate the remainder when 988786 is divided by 20179.
15
Calculate the remainder when 10577 is divided by 5205.
167
Calculate the remainder when 13095022 is divided by 105604.
126
Calculate the remainder when 34571 is divided by 34485.
86
Calculate the remainder when 488042 is divided by 159.
71
Calculate the remainder when 11415 is divided by 9922.
1493
What is the remainder when 435272 is divided by 38?
20
What is the remainder when 1471986 is divided by 1472?
1458
What is the remainder when 666636 is divided by 385?
201
What is the remainder when 136738900 is divided by 4715133?
43
Calculate the remainder when 514559 is divided by 170840.
2039
What is the remainder when 357898 is divided by 8133?
46
What is the remainder when 1051120 is divided by 262774?
24
What is the remainder when 3763556 is divided by 134?
32
Calculate the remainder when 17541516 is divided by 7011.
7005
Calculate the remainder when 3365272 is divided by 12022.
11134
Calculate the remainder when 7761849 is divided by 13089.
72
What is the remainder when 11835262 is divided by 1155?
1132
Calculate the remainder when 4231998 is divided by 182.
134
Calculate the remainder when 52081108 is divided by 402.
400
Calculate the remainder when 259887 is divided by 6039.
210
What is the remainder when 3384434 is divided by 8419?
8415
What is the remainder when 97033 is divided by 1562?
189
What is the remainder when 274891967 is divided by 936?
935
Calculate the remainder when 4113362 is divided by 32.
18
Calculate the remainder when 23559 is divided by 2919.
207
What is the remainder when 5226130 is divided by 5743?
0
What is the remainder when 10588294 is divided by 160?
134
What is the remainder when 13973772 is divided by 4657922?
6
What is the remainder when 350297 is 